t s(z) = -3*z**2 + 47*z + 87. Determine s(27).
-831
Let y(q) = q**2 - 170*q - 1619. What is y(179)?
-8
Let o(u) = -2130*u + 17284. Calculate o(8).
244
Let y(v) = -3894*v - 140162. Calculate y(-36).
22
Let z(s) = s**2 - 86*s - 918. What is z(95)?
-63
Let a(m) = 21*m - 38. Determine a(49).
991
Let x(s) = 2*s**3 + 588*s**2 + 4016*s - 388. Calculate x(-287).
186
Let s(c) = -3*c**2 + 693*c + 136392. What is s(-127)?
-6
Let k(v) = 319*v + 105458. Determine k(-333).
-769
Let h(x) = -59*x**2 + 1700*x - 3. Determine h(30).
-2103
Let y(l) = -l**3 - 3*l**2 + 2*l - 275. Calculate y(-9).
193
Let o(a) = 2981*a**2 - 17857*a - 209. Determine o(6).
-35
Let x(v) = -41271*v - 206368. Determine x(-5).
-13
Let u(t) = 11*t**3 - 139*t**2 + 3*t + 91. Give u(11).
-2054
Let b(j) = 18552*j - 389571. Calculate b(21).
21
Let x(z) = -15*z**2 - 1874*z - 31401. Calculate x(-105).
-6
Let p(r) = 278137*r - 278139. Calculate p(1).
-2
Let c(q) = -5260*q - 15936. What is c(-3)?
-156
Let w(g) = -g**3 + 251*g**2 - 245*g - 1567. Give w(250).
-317
Let f(i) = 34542*i + 2279828. Calculate f(-66).
56
Let c(a) = -40*a**3 + 5640*a**2 - 14*a + 2024. Determine c(141).
50
Let s(l) = l**3 - 31*l**2 - 144*l + 149. What is s(35)?
9
Let x(w) = 8*w**2 + 25582*w + 960553. Give x(-38).
-11
Let p(x) = 137*x - 33858. Give p(247).
-19
Let i(y) = 863*y + 268416. Determine i(-311).
23
Let d(n) = 1089*n**2 - 26143*n - 26143. What is d(-1)?
1089
Let b(n) = -359*n + 816. Calculate b(2).
98
Let g(c) = 32912*c + 296185. Determine g(-9).
-23
Let c(u) = -u**3 - 49*u**2 - 348*u + 212. Give c(-40).
-268
Let j(c) = -8*c**3 + 132*c**2 + 44*c + 204. Determine j(18).
-2892
Let s(z) = 6*z**3 + 351*z**2 - 351*z - 10247. What is s(-59)?
19
Let m(s) = -95*s**2 + 3131*s + 10. Give m(33).
-122
Let m(a) = -7*a**2 - 404*a - 3796. Determine m(-46).
-24
Let g(x) = -37300*x - 186496. Give g(-5).
4
Let l(k) = -3370*k - 131424. Calculate l(-39).
6
Let b(v) = -v**3 - 68*v**2 + 3386*v + 22552. What is b(-6)?
4
Let n(w) = -3*w**2 + 117*w + 39430. Calculate n(-97).
-146
Let h(v) = 36*v**2 - 1059*v + 425. Determine h(29).
-10
Let p(z) = -4*z**2 + 280383*z - 280383. Calculate p(1).
-4
Let b(l) = -5341*l + 582177. Give b(109).
8
Let l(t) = -1839*t - 205943. Give l(-112).
25
Let z(k) = 7*k**2 + 418*k - 1829. Determine z(-65).
576
Let x(o) = 3*o**2 - 806*o + 17694. Determine x(245).
299
Let b(z) = 4*z**3 + 13*z**2 - 288*z - 1098. Determine b(-4).
6
Let g(y) = 125*y**2 + 639*y + 3681. Calculate g(-6).
4347
Let o(k) = 8*k**2 + 2947*k - 11820. What is o(4)?
96
Let t(v) = 52*v + 34. What is t(-1)?
-18
Let c(y) = -17*y**3 + 126*y**2 + 3*y - 16. Calculate c(9).
-2176
Let a(s) = 32*s**2 - 689*s + 1295. Give a(20).
315
Let t(q) = -q**2 + 79383*q - 952469. Give t(12).
-17
Let o(q) = 2*q**3 - 25*q**2 - 17*q - 59. Give o(13).
-111
Let d(j) = -j**3 + 26*j**2 - 71*j - 366. Give d(22).
8
Let g(a) = -249*a - 49197. Give g(-198).
105
Let q(m) = -4191*m - 28. Determine q(0).
-28
Let k(z) = 930*z**2 + 199*z - 199. Calculate k(1).
930
Let d(m) = m**3 + 30*m**2 + 343*m + 3631. Give d(-22).
-43
Let m(k) = -166411*k + 998479. Give m(6).
13
Let w(s) = -144*s + 2750. What is w(20)?
-130
Let d(u) = u**3 - 119*u**2 - 79*u + 10065. Determine d(119).
664
Let s(g) = -2*g**2 - 215*g - 2508. Calculate s(-93).
189
Let h(o) = -992*o + 29888. Determine h(30).
128
Let o(d) = d**3 - 25*d**2 + 40*d - 128. Determine o(15).
-1778
Let g(i) = -168414*i - 2863058. Calculate g(-17).
-20
Let y(f) = -3*f**3 + 578*f**2 + 410*f - 152489. Give y(192).
-41
Let h(g) = -8*g**2 + 512*g - 206. Give h(62).
786
Let a(n) = -2916*n + 268273. Give a(92).
1
Let x(h) = 7*h**2 + 176*h + 566. What is x(-22)?
82
Let w(i) = -1886*i**2 - 1084442*i + 4594. Determine w(-575).
-6
Let o(p) = -14*p**2 + 920*p + 392. Calculate o(67).
-814
Let r(y) = y**3 - 106*y**2 - 252*y + 3686. Determine r(108).
-202
Let u(f) = -39174*f - 78342. Give u(-2).
6
Let b(q) = -q**2 - 5597*q + 616140. Give b(108).
0
Let p(o) = 31*o**2 + 1790*o - 2344. Calculate p(-59).
-43
Let c(x) = -229*x**2 + 3665*x - 3440. Determine c(15).
10
Let p(h) = -703893*h + 16893438. Determine p(24).
6
Let x(d) = 376915*d - 753833. What is x(2)?
-3
Let y(r) = -271*r + 4524. Give y(16).
188
Let o(j) = -2*j**2 + 174516*j - 1221492. Calculate o(7).
22
Let y(o) = 40790*o**2 - 856576*o - 295. Give y(21).
-1
Let x(t) = 4*t**2 - 521*t - 2989. Give x(135).
-424
Let c(b) = 884*b**2 - 24648*b - 2922. What is c(28)?
-10
Let y(j) = 42376*j - 84746. What is y(2)?
6
Let h(f) = -f**3 - 59*f**2 - 384*f + 153. What is h(-51)?
-1071
Let g(d) = -83347*d + 1166890. What is g(14)?
32
Let k(u) = -48*u**2 + 719*u - 715. What is k(1)?
-44
Let x(u) = -9160*u**2 + 9165*u - 2. Give x(1).
3
Let j(i) = 1037*i + 1302. What is j(0)?
1302
Let c(d) = -21*d**2 + 2355*d - 218. Determine c(112).
118
Let c(k) = 557*k - 11751. Determine c(21).
-54
Let j(o) = -o**2 - 147*o + 2077. Calculate j(-160).
-3
Let z(f) = 2*f**3 + 1565*f**2 - 1142*f - 281104. Calculate z(-783).
-7
Let m(u) = 25*u**3 - 823*u**2 - 24*u - 685. Give m(33).
701
Let u(v) = v**2 + 7*v - 930. Give u(-43).
618
Let k(a) = -679*a + 65929. Determine k(97).
66
Let b(w) = 21*w**3 + 1918*w**2 + 651*w + 1241. What is b(-91)?
-33
Let w(o) = 2*o**2 + 12219*o + 952818. Determine w(-79).
-1
Let k(p) = 4*p**2 - 513*p + 10584. What is k(102)?
-126
Let b(x) = -239*x - 5024. Determine b(-19).
-483
Let p(s) = -2601*s + 2086003. What is p(802)?
1
Let h(o) = 924*o - 58303. Determine h(63).
-91
Let t(c) = 11*c**2 - 508*c + 613. Determine t(45).
28
Let y(o) = 23395*o + 818818. What is y(-35)?
-7
Let q(a) = -a**3 + 74*a**2 + 1175*a - 82499. What is q(75)?
1
Let a(n) = -1773*n + 69272. Give a(39).
125
Let t(l) = 418*l + 42090. Determine t(-100).
290
Let p(j) = -350*j**2 - 1511*j - 30. Determine p(-5).
-1225
Let x(g) = 14*g**3 + 48*g**2 + 20*g + 47. Calculate x(-3).
41
Let v(l) = -50*l**2 - 6511*l - 1412. Give v(-130).
18
Let r(d) = -73268*d + 293063. Give r(4).
-9
Let u(c) = -10*c**3 - 66*c**2 + 8*c - 15. Determine u(-7).
125
Let s(y) = 6*y**2 + 168*y + 1055. What is s(-10)?
-25
Let w(g) = -19*g**3 - 19077*g**2 - 1001*g + 3022. Determine w(-1004).
10
Let y(z) = -5*z**2 - 2064*z + 8272. Calculate y(4).
-64
Let f(m) = 43712*m + 3103567. Determine f(-71).
15
Let l(j) = 3*j**3 + 6*j**2 - 85*j + 51. Determine l(10).
2801
Let n(t) = -3965*t + 130571. Determine n(33).
-274
Let g(f) = f**3 + 902*f**2 - 9162*f + 444. Determine g(10).
24
Let c(l) = 21*l**2 + 3620*l + 1395. Determine c(-172).
19
Let g(w) = -w**3 - 656*w**2 - 5186*w - 9. What is g(-8)?
7
Let c(n) = n**2 + 150168*n - 9614852. Calculate c(64).
-4
Let q(l) = 175896*l + 10729678. Determine q(-61).
22
Let y(f) = f**3 + 115*f**2 + 274*f + 5432. Calculate y(-113).
8
Let x(s) = s**3 - 26*s**2 - 93*s + 2442. Calculate x(28).
1406
Let j(l) = 55*l**2 - 37569*l + 2668. Calculate j(683).
-64
Let j(f) = 4309*f + 90584. Determine j(-21).
95
Let q(k) = -17*k**2 - 20*k + 646. Calculate q(4).
294
Let m(x) = 62*x**2 + 5203*x - 440. Give m(-84).
-20
Let t(j) = -2*j**3 + 125*j**2 + 2589*j + 1399. Calculate t(79).
-23
Let h(q) = 2*q**3 + 18*q**2 + 4722*q + 47134. Calculate h(-10).
-286
Let c(r) = r**2 + 382*r + 32443. Calculate c(-152).
-2517
Let a(k) = -410*k**2 + 1592*k + 205. Calculate a(4).
13
Let c(o) = 1150*o**2 + 1182*o + 12. Calculate c(-1).
-20
Let r(p) = -p**2 - 69*p + 1431. Calculate r(17).
-31
Let q(w) = -13141*w + 3587565. Calculate q(273).
72
Let v(n) = 11*n**2 - 747*n + 12139. Give v(41).
3
Let u(m) = 13617*m + 122042. Calculate u(-9).
-511
Let q(m) = 728606*m - 2185821. Calculate q(3).
-3
Let k(y) = 1959*y + 1952. Calculate k(-1).
-7
Let p(y) = y**3 - 342*y**2 + 2667*y + 1639. Give p(334).
-31
Let i(r) = -2501*r + 89716. Determine i(36).
-320
Let f(y) = y**3 - 98*y**2 + 1929*y - 859. Determine f(71).
-7
Let g(n) = -183*n + 18534. Determine g(132).
-5622
Let j(x) = -7294*x - 80230. Give j(-11).
4
Let n(f) = 25*f**2 - 3591*f - 4930. Determine n(145).
0
Let w(p) = p**3 - 8*p**2 - 121*p + 50. What is w(-12)?
-1378
Let k(l) = 15*l**2 + 122*l + 432. What is k(-7)?
313
Let c(y) = -2*y**2 + 101*y + 513. What is c(-5)?
-42
Let n(c) = 4*c**2 - 1002*c - 492. Calculate n(251).
10
Let z(w) = 3*w**2 - 26286*w - 26283. Give z(-1).
6
Let z(g) = 39*g**3 + 63*g**2 + 330*g + 994. What is z(-3)?
-482
Let r(x)